{"id":22,"date":"2025-04-24T10:05:49","date_gmt":"2025-04-24T08:05:49","guid":{"rendered":"https:\/\/cynergieetequilibre.be\/index.php\/home\/"},"modified":"2025-08-26T14:23:30","modified_gmt":"2025-08-26T12:23:30","slug":"home","status":"publish","type":"page","link":"https:\/\/cynergieetequilibre.be\/","title":{"rendered":"Accueil"},"content":{"rendered":"\n<div class=\"wp-block-group alignfull\" style=\"margin-top:0;margin-bottom:0;padding-top:calc( 0.5 * var(--wp--style--root--padding-right, var(--wp--custom--gap--horizontal)));padding-right:var(--wp--style--root--padding-right, var(--wp--custom--gap--horizontal));padding-bottom:calc( 0.5 * var(--wp--style--root--padding-right, var(--wp--custom--gap--horizontal)));padding-left:var(--wp--style--root--padding-left, var(--wp--custom--gap--horizontal))\"><div class=\"wp-block-group__inner-container is-layout-constrained wp-container-core-group-is-layout-5d63491a wp-block-group-is-layout-constrained\">\n<div style=\"height:calc( 0.25 * var(--wp--style--root--padding-right, var(--wp--custom--gap--horizontal)))\" aria-hidden=\"true\" class=\"wp-block-spacer\"><\/div>\n\n\n\n<div class=\"wp-block-columns alignwide are-vertically-aligned-center is-layout-flex wp-container-core-columns-is-layout-3da6863c wp-block-columns-is-layout-flex\">\n<div class=\"wp-block-column is-vertically-aligned-center is-layout-flow wp-block-column-is-layout-flow\">\n<h2 class=\"wp-block-heading has-small-font-size\">Cyn&#8217;ergie et Equi&#8217;libre<\/h2>\n\n\n\n<h1 class=\"wp-block-heading alignwide\">Educatrice et coach en comportement canin<\/h1>\n\n\n\n<p>Bienvenue sur mon site d\u00e9di\u00e9 \u00e0 l&#8217;\u00e9ducation et la r\u00e9\u00e9ducation canine positive. Je serai ravie de vous accompagner dans votre parcours vers une relation harmonieuse avec votre compagnon \u00e0 quatre pattes.<\/p>\n\n\n\n<div class=\"wp-block-buttons is-horizontal is-content-justification-left is-layout-flex wp-container-core-buttons-is-layout-9cde4f48 wp-block-buttons-is-layout-flex\">\n<div class=\"wp-block-button\"><a class=\"wp-block-button__link has-theme-5-color has-theme-1-background-color has-text-color has-background has-link-color wp-element-button\" href=\"https:\/\/cynergieetequilibre.be\/index.php\/contact-2\/\">Prendre rendez-vous<\/a><\/div>\n<\/div>\n<\/div>\n\n\n\n<div class=\"wp-block-column is-vertically-aligned-center is-layout-flow wp-block-column-is-layout-flow\">\n<figure class=\"wp-block-image size-full has-custom-border\"><img loading=\"lazy\" decoding=\"async\" width=\"922\" height=\"2048\" src=\"http:\/\/cynergieetequilibre.be\/wp-content\/uploads\/2025\/04\/1743843472902.jpg\" alt=\"\" class=\"wp-image-127\" style=\"border-style:none;border-width:0px;border-radius:100em;aspect-ratio:1;object-fit:cover\" srcset=\"https:\/\/cynergieetequilibre.be\/wp-content\/uploads\/2025\/04\/1743843472902.jpg 922w, https:\/\/cynergieetequilibre.be\/wp-content\/uploads\/2025\/04\/1743843472902-600x1333.jpg 600w, https:\/\/cynergieetequilibre.be\/wp-content\/uploads\/2025\/04\/1743843472902-135x300.jpg 135w, https:\/\/cynergieetequilibre.be\/wp-content\/uploads\/2025\/04\/1743843472902-461x1024.jpg 461w, https:\/\/cynergieetequilibre.be\/wp-content\/uploads\/2025\/04\/1743843472902-768x1706.jpg 768w, https:\/\/cynergieetequilibre.be\/wp-content\/uploads\/2025\/04\/1743843472902-692x1536.jpg 692w\" sizes=\"auto, (max-width: 922px) 100vw, 922px\" \/><\/figure>\n<\/div>\n<\/div>\n\n\n\n<div style=\"height:calc( 0.25 * var(--wp--style--root--padding-right, var(--wp--custom--gap--horizontal)))\" aria-hidden=\"true\" class=\"wp-block-spacer\"><\/div>\n<\/div><\/div>\n\n\n\n<p><\/p>\n","protected":false},"excerpt":{"rendered":"<p>Cyn&#8217;ergie et Equi&#8217;libre Educatrice et coach en comportement canin Bienvenue sur mon site d\u00e9di\u00e9 \u00e0 l&#8217;\u00e9ducation et la r\u00e9\u00e9ducation canine positive. Je serai ravie de vous accompagner dans votre parcours vers une relation harmonieuse avec votre compagnon \u00e0 quatre pattes.<\/p>\n","protected":false},"author":1,"featured_media":0,"parent":0,"menu_order":0,"comment_status":"closed","ping_status":"closed","template":"","meta":{"footnotes":""},"class_list":["post-22","page","type-page","status-publish","hentry"],"yoast_head":"<!-- This site is optimized with the Yoast SEO plugin v25.8 - https:\/\/yoast.com\/wordpress\/plugins\/seo\/ -->\n<title>Accueil - Cyn&#039;ergie et Equi&#039;libre<\/title>\n<meta name=\"description\" content=\"\u00c9ducatrice et coach en comportement canin : je vous aide \u00e0 d\u00e9coder, comprendre et guider votre chien avec bienveillance et clart\u00e9.\" \/>\n<meta name=\"robots\" content=\"index, follow, max-snippet:-1, max-image-preview:large, max-video-preview:-1\" \/>\n<link rel=\"canonical\" href=\"http:\/\/cynergieetequilibre.be\/\" \/>\n<meta property=\"og:locale\" content=\"en_US\" \/>\n<meta property=\"og:type\" content=\"article\" \/>\n<meta property=\"og:title\" content=\"Accueil - Cyn&#039;ergie et Equi&#039;libre\" \/>\n<meta property=\"og:description\" content=\"\u00c9ducatrice et coach en comportement canin : je vous aide \u00e0 d\u00e9coder, comprendre et guider votre chien avec bienveillance et clart\u00e9.\" \/>\n<meta property=\"og:url\" content=\"http:\/\/cynergieetequilibre.be\/\" \/>\n<meta property=\"og:site_name\" content=\"Cyn&#039;ergie et Equi&#039;libre\" \/>\n<meta property=\"article:publisher\" content=\"https:\/\/www.facebook.com\/CynergieEtEquilibre\" \/>\n<meta property=\"article:modified_time\" content=\"2025-08-26T12:23:30+00:00\" \/>\n<meta property=\"og:image\" content=\"http:\/\/cynergieetequilibre.be\/wp-content\/uploads\/2025\/04\/1743843472902.jpg\" \/>\n<meta name=\"twitter:card\" content=\"summary_large_image\" \/>\n<meta name=\"twitter:label1\" content=\"Est. reading time\" \/>\n\t<meta name=\"twitter:data1\" content=\"1 minute\" \/>\n<script type=\"application\/ld+json\" class=\"yoast-schema-graph\">{\"@context\":\"https:\/\/schema.org\",\"@graph\":[{\"@type\":\"WebPage\",\"@id\":\"http:\/\/cynergieetequilibre.be\/\",\"url\":\"http:\/\/cynergieetequilibre.be\/\",\"name\":\"Accueil - Cyn&#039;ergie et Equi&#039;libre\",\"isPartOf\":{\"@id\":\"http:\/\/cynergieetequilibre.be\/#website\"},\"primaryImageOfPage\":{\"@id\":\"http:\/\/cynergieetequilibre.be\/#primaryimage\"},\"image\":{\"@id\":\"http:\/\/cynergieetequilibre.be\/#primaryimage\"},\"thumbnailUrl\":\"http:\/\/cynergieetequilibre.be\/wp-content\/uploads\/2025\/04\/1743843472902.jpg\",\"datePublished\":\"2025-04-24T08:05:49+00:00\",\"dateModified\":\"2025-08-26T12:23:30+00:00\",\"description\":\"\u00c9ducatrice et coach en comportement canin : je vous aide \u00e0 d\u00e9coder, comprendre et guider votre chien avec bienveillance et clart\u00e9.\",\"breadcrumb\":{\"@id\":\"http:\/\/cynergieetequilibre.be\/#breadcrumb\"},\"inLanguage\":\"en-US\",\"potentialAction\":[{\"@type\":\"ReadAction\",\"target\":[\"http:\/\/cynergieetequilibre.be\/\"]}]},{\"@type\":\"ImageObject\",\"inLanguage\":\"en-US\",\"@id\":\"http:\/\/cynergieetequilibre.be\/#primaryimage\",\"url\":\"https:\/\/cynergieetequilibre.be\/wp-content\/uploads\/2025\/04\/1743843472902.jpg\",\"contentUrl\":\"https:\/\/cynergieetequilibre.be\/wp-content\/uploads\/2025\/04\/1743843472902.jpg\",\"width\":922,\"height\":2048},{\"@type\":\"BreadcrumbList\",\"@id\":\"http:\/\/cynergieetequilibre.be\/#breadcrumb\",\"itemListElement\":[{\"@type\":\"ListItem\",\"position\":1,\"name\":\"Accueil\",\"item\":\"http:\/\/cynergieetequilibre.be\/\"},{\"@type\":\"ListItem\",\"position\":2,\"name\":\"Accueil\"}]},{\"@type\":\"WebSite\",\"@id\":\"http:\/\/cynergieetequilibre.be\/#website\",\"url\":\"http:\/\/cynergieetequilibre.be\/\",\"name\":\"Cyn'ergie et Equi'libre\",\"description\":\"Educatrice et coach en comportement canin dans la r\u00e9gion de Malmedy, Stavelot, Waimes et alentours.\",\"publisher\":{\"@id\":\"http:\/\/cynergieetequilibre.be\/#\/schema\/person\/11ba0bb7b37ba444cfe6c67e125e653f\"},\"potentialAction\":[{\"@type\":\"SearchAction\",\"target\":{\"@type\":\"EntryPoint\",\"urlTemplate\":\"http:\/\/cynergieetequilibre.be\/?s={search_term_string}\"},\"query-input\":{\"@type\":\"PropertyValueSpecification\",\"valueRequired\":true,\"valueName\":\"search_term_string\"}}],\"inLanguage\":\"en-US\"},{\"@type\":[\"Person\",\"Organization\"],\"@id\":\"http:\/\/cynergieetequilibre.be\/#\/schema\/person\/11ba0bb7b37ba444cfe6c67e125e653f\",\"name\":\"Cyn'ergie et Equi'libre\",\"image\":{\"@type\":\"ImageObject\",\"inLanguage\":\"en-US\",\"@id\":\"http:\/\/cynergieetequilibre.be\/#\/schema\/person\/image\/\",\"url\":\"https:\/\/cynergieetequilibre.be\/wp-content\/uploads\/2025\/04\/cropped-PNG-1.png\",\"contentUrl\":\"https:\/\/cynergieetequilibre.be\/wp-content\/uploads\/2025\/04\/cropped-PNG-1.png\",\"width\":554,\"height\":598,\"caption\":\"Cyn'ergie et Equi'libre\"},\"logo\":{\"@id\":\"http:\/\/cynergieetequilibre.be\/#\/schema\/person\/image\/\"},\"sameAs\":[\"http:\/\/cynergieetequilibre.be\",\"https:\/\/www.facebook.com\/CynergieEtEquilibre\"]}]}<\/script>\n<!-- \/ Yoast SEO plugin. -->","yoast_head_json":{"title":"Accueil - Cyn&#039;ergie et Equi&#039;libre","description":"\u00c9ducatrice et coach en comportement canin : je vous aide \u00e0 d\u00e9coder, comprendre et guider votre chien avec bienveillance et clart\u00e9.","robots":{"index":"index","follow":"follow","max-snippet":"max-snippet:-1","max-image-preview":"max-image-preview:large","max-video-preview":"max-video-preview:-1"},"canonical":"http:\/\/cynergieetequilibre.be\/","og_locale":"en_US","og_type":"article","og_title":"Accueil - Cyn&#039;ergie et Equi&#039;libre","og_description":"\u00c9ducatrice et coach en comportement canin : je vous aide \u00e0 d\u00e9coder, comprendre et guider votre chien avec bienveillance et clart\u00e9.","og_url":"http:\/\/cynergieetequilibre.be\/","og_site_name":"Cyn&#039;ergie et Equi&#039;libre","article_publisher":"https:\/\/www.facebook.com\/CynergieEtEquilibre","article_modified_time":"2025-08-26T12:23:30+00:00","og_image":[{"url":"http:\/\/cynergieetequilibre.be\/wp-content\/uploads\/2025\/04\/1743843472902.jpg","type":"","width":"","height":""}],"twitter_card":"summary_large_image","twitter_misc":{"Est. reading time":"1 minute"},"schema":{"@context":"https:\/\/schema.org","@graph":[{"@type":"WebPage","@id":"http:\/\/cynergieetequilibre.be\/","url":"http:\/\/cynergieetequilibre.be\/","name":"Accueil - Cyn&#039;ergie et Equi&#039;libre","isPartOf":{"@id":"http:\/\/cynergieetequilibre.be\/#website"},"primaryImageOfPage":{"@id":"http:\/\/cynergieetequilibre.be\/#primaryimage"},"image":{"@id":"http:\/\/cynergieetequilibre.be\/#primaryimage"},"thumbnailUrl":"http:\/\/cynergieetequilibre.be\/wp-content\/uploads\/2025\/04\/1743843472902.jpg","datePublished":"2025-04-24T08:05:49+00:00","dateModified":"2025-08-26T12:23:30+00:00","description":"\u00c9ducatrice et coach en comportement canin : je vous aide \u00e0 d\u00e9coder, comprendre et guider votre chien avec bienveillance et clart\u00e9.","breadcrumb":{"@id":"http:\/\/cynergieetequilibre.be\/#breadcrumb"},"inLanguage":"en-US","potentialAction":[{"@type":"ReadAction","target":["http:\/\/cynergieetequilibre.be\/"]}]},{"@type":"ImageObject","inLanguage":"en-US","@id":"http:\/\/cynergieetequilibre.be\/#primaryimage","url":"https:\/\/cynergieetequilibre.be\/wp-content\/uploads\/2025\/04\/1743843472902.jpg","contentUrl":"https:\/\/cynergieetequilibre.be\/wp-content\/uploads\/2025\/04\/1743843472902.jpg","width":922,"height":2048},{"@type":"BreadcrumbList","@id":"http:\/\/cynergieetequilibre.be\/#breadcrumb","itemListElement":[{"@type":"ListItem","position":1,"name":"Accueil","item":"http:\/\/cynergieetequilibre.be\/"},{"@type":"ListItem","position":2,"name":"Accueil"}]},{"@type":"WebSite","@id":"http:\/\/cynergieetequilibre.be\/#website","url":"http:\/\/cynergieetequilibre.be\/","name":"Cyn'ergie et Equi'libre","description":"Educatrice et coach en comportement canin dans la r\u00e9gion de Malmedy, Stavelot, Waimes et alentours.","publisher":{"@id":"http:\/\/cynergieetequilibre.be\/#\/schema\/person\/11ba0bb7b37ba444cfe6c67e125e653f"},"potentialAction":[{"@type":"SearchAction","target":{"@type":"EntryPoint","urlTemplate":"http:\/\/cynergieetequilibre.be\/?s={search_term_string}"},"query-input":{"@type":"PropertyValueSpecification","valueRequired":true,"valueName":"search_term_string"}}],"inLanguage":"en-US"},{"@type":["Person","Organization"],"@id":"http:\/\/cynergieetequilibre.be\/#\/schema\/person\/11ba0bb7b37ba444cfe6c67e125e653f","name":"Cyn'ergie et Equi'libre","image":{"@type":"ImageObject","inLanguage":"en-US","@id":"http:\/\/cynergieetequilibre.be\/#\/schema\/person\/image\/","url":"https:\/\/cynergieetequilibre.be\/wp-content\/uploads\/2025\/04\/cropped-PNG-1.png","contentUrl":"https:\/\/cynergieetequilibre.be\/wp-content\/uploads\/2025\/04\/cropped-PNG-1.png","width":554,"height":598,"caption":"Cyn'ergie et Equi'libre"},"logo":{"@id":"http:\/\/cynergieetequilibre.be\/#\/schema\/person\/image\/"},"sameAs":["http:\/\/cynergieetequilibre.be","https:\/\/www.facebook.com\/CynergieEtEquilibre"]}]}},"_links":{"self":[{"href":"https:\/\/cynergieetequilibre.be\/index.php\/wp-json\/wp\/v2\/pages\/22","targetHints":{"allow":["GET"]}}],"collection":[{"href":"https:\/\/cynergieetequilibre.be\/index.php\/wp-json\/wp\/v2\/pages"}],"about":[{"href":"https:\/\/cynergieetequilibre.be\/index.php\/wp-json\/wp\/v2\/types\/page"}],"author":[{"embeddable":true,"href":"https:\/\/cynergieetequilibre.be\/index.php\/wp-json\/wp\/v2\/users\/1"}],"replies":[{"embeddable":true,"href":"https:\/\/cynergieetequilibre.be\/index.php\/wp-json\/wp\/v2\/comments?post=22"}],"version-history":[{"count":14,"href":"https:\/\/cynergieetequilibre.be\/index.php\/wp-json\/wp\/v2\/pages\/22\/revisions"}],"predecessor-version":[{"id":431,"href":"https:\/\/cynergieetequilibre.be\/index.php\/wp-json\/wp\/v2\/pages\/22\/revisions\/431"}],"wp:attachment":[{"href":"https:\/\/cynergieetequilibre.be\/index.php\/wp-json\/wp\/v2\/media?parent=22"}],"curies":[{"name":"wp","href":"https:\/\/api.w.org\/{rel}","templated":true}]}}